 thousands digit of 63450211?
5
What is the thousands digit of 804571646?
1
What is the units digit of 110881092?
2
What is the units digit of 903940120?
0
What is the hundred millions digit of 3210664134?
2
What is the hundred thousands digit of 33349854?
3
What is the millions digit of 64059066?
4
What is the hundred thousands digit of 420350942?
3
What is the hundreds digit of 165347376?
3
What is the units digit of 204105553?
3
What is the ten millions digit of 571060396?
7
What is the hundred thousands digit of 744630200?
6
What is the ten thousands digit of 495208722?
0
What is the hundred millions digit of 1649248522?
6
What is the ten millions digit of 1706146051?
0
What is the hundred millions digit of 1853756388?
8
What is the tens digit of 75722232?
3
What is the thousands digit of 60128380?
8
What is the thousands digit of 59012305?
2
What is the ten thousands digit of 62684781?
8
What is the hundred thousands digit of 95723742?
7
What is the millions digit of 42739657?
2
What is the millions digit of 159141513?
9
What is the hundred thousands digit of 1239074240?
0
What is the units digit of 63302089?
9
What is the tens digit of 38361932?
3
What is the hundreds digit of 39548904?
9
What is the millions digit of 893623422?
3
What is the thousands digit of 146111041?
1
What is the ten millions digit of 5828569033?
2
What is the hundreds digit of 639268787?
7
What is the units digit of 782416813?
3
What is the tens digit of 56013526?
2
What is the tens digit of 449491481?
8
What is the hundreds digit of 4808688974?
9
What is the thousands digit of 3863819150?
9
What is the ten millions digit of 279536998?
7
What is the ten millions digit of 32168537?
3
What is the thousands digit of 20536175?
6
What is the tens digit of 4543067?
6
What is the units digit of 2933273047?
7
What is the units digit of 7485189072?
2
What is the ten millions digit of 535132012?
3
What is the millions digit of 2658562843?
8
What is the hundred thousands digit of 3489499453?
4
What is the hundred thousands digit of 28118302?
1
What is the ten thousands digit of 450283622?
8
What is the thousands digit of 1194119?
4
What is the tens digit of 373885853?
5
What is the hundreds digit of 119086231?
2
What is the hundreds digit of 137406709?
7
What is the ten thousands digit of 47520199?
2
What is the tens digit of 72777447?
4
What is the hundred millions digit of 472082065?
4
What is the tens digit of 120811704?
0
What is the tens digit of 54074131?
3
What is the hundred thousands digit of 66413624?
4
What is the thousands digit of 264656870?
6
What is the thousands digit of 5413647?
3
What is the millions digit of 145996306?
5
What is the thousands digit of 73024932?
4
What is the hundreds digit of 6912932646?
6
What is the hundred millions digit of 2249429142?
2
What is the millions digit of 141523686?
1
What is the thousands digit of 30940946?
0
What is the hundred thousands digit of 35645432?
6
What is the hundred thousands digit of 614955074?
9
What is the ten thousands digit of 188008089?
0
What is the hundred thousands digit of 40924599?
9
What is the tens digit of 1493773506?
0
What is the millions digit of 1619561434?
9
What is the thousands digit of 89088437?
8
What is the thousands digit of 642145355?
5
What is the hundred thousands digit of 282277844?
2
What is the tens digit of 533602309?
0
What is the thousands digit of 1469651029?
1
What is the hundred thousands digit of 4102265?
1
What is the ten millions digit of 66073766?
6
What is the millions digit of 57510563?
7
What is the tens digit of 541867841?
4
What is the hundred millions digit of 736863975?
7
What is the ten thousands digit of 110887717?
8
What is the ten millions digit of 78414402?
7
What is the tens digit of 362915248?
4
What is the hundreds digit of 52982876?
8
What is the hundred thousands digit of 171166609?
1
What is the ten thousands digit of 137385118?
8
What is the thousands digit of 134576742?
6
What is the ten millions digit of 67945958?
6
What is the units digit of 64822487?
7
What is the millions digit of 3369087802?
9
What is the ten millions digit of 74500974?
7
What is the ten thousands digit of 104639848?
3
What is the units digit of 821860215?
5
What is the units digit of 34374422?
2
What is the hundred thousands digit of 311304002?
3
What is the hundred thousands digit of 257830286?
8
What is the hundred thousands digit of 37366441?
3
What is the ten thousands digit of 69877120?
7
What is the millions digit of 5821590281?
1
What is the millions digit of 4994485809?
4
What is the ten millions digit of 961384579?
6
What is the hundreds digit of 69667509?
5
What is the millions digit of 41107445?
1
What is the tens digit of 2040985229?
2
What is the ten thousands digit of 191530260?
3
What is the ten thousands digit of 292059611?
5
What is the thousands digit of 2266122575?
2
What is the units digit of 81372373?
3
What is the hundreds digit of 223566165?
1
What is the ten thousands digit of 30232187?
3
What is the hundred thousands digit of 76941977?
9
What is the hundreds digit of 145068966?
9
What is the ten thousands digit of 73346234?
4
What is the units digit of 26453238?
8
What is the hundred millions digit of 6126082485?
1
What is the hundred thousands digit of 11147640?
1
What is the units digit of 75971535?
5
What is the tens digit of 61119090?
9
What is the hundred thousands digit of 71666287?
6
What is the hundred thousands digit of 117346243?
3
What is the hundred thousands digit of 39178818?
1
What is the units digit of 30154760?
0
What is the ten millions digit of 4316360922?
1
What is the thousands digit of 11448137?
8
What is the tens digit of 9351118?
1
What is the tens digit of 44854331?
3
What is the hundred millions digit of 5478884284?
4
What is the tens digit of 2766130872?
7
What is the hundred thousands digit of 2308436044?
4
What is the ten thousands digit of 24253935?
5
What is the thousands digit of 131524695?
4
What is the billions digit of 4179560326?
4
What is the tens digit of 191012965?
6
What is the hundreds digit of 357007036?
0
What is the units digit of 237026356?
6
What is the tens digit of 839562124?
2
What is the ten thousands digit of 891300918?
0
What is the ten millions digit of 1279248768?
7
What is the hundreds digit of 97954255?
2
What is the hundred thousands digit of 6045042165?
0
What is the ten millions digit of 137861510?
3
What is the thousands digit of 527617668?
7
What is the ten thousands digit of 44996742?
9
What is the thousands digit of 311805058?
5
What is the hundred thousands digit of 284035058?
0
What is the hundred thousands digit of 332550428?
5
What is the tens digit of 977757445?
4
What is the millions digit of 2277283718?
7
What is the ten thousands digit of 3149643?
4
What is the hundred millions digit of 224125108?
2
What is the tens digit of 2406675688?
8
What is the millions digit of 87849480?
7
What is the ten thousands digit of 3863075?
6
What is the hundred millions digit of 1006966493?
0
What is the ten millions digit of 246257315?
4
What is the hundred thousands digit of 36678856?
6
What is the hundreds digit of 45369515?
5
What is the tens digit of 47814897?
9
What is the ten millions digit of 23974156?
2
What is the hundred millions digit of 214658118?
2
What is the tens digit of 168990332?
3
What is the hundreds digit of 307904400?
4
What is the ten thousands digit of 900205314?
0
What is the tens digit of 242401931?
3
What is the ten thousands digit of 1225038434?
3
What is the units digit of 60157863?
3
What is the millions digit of 147311531?
7
What is the millions digit of 516862254?
6
What is the hundred thousands digit of 31321485?
3
What is the hundreds digit of 149647334?
3
What is the thousands digit of 507840507?
0
What is the hundreds digit of 649349075?
0
What is the thousands digit of 159967564?
7
What is the ten thousands digit of 2015179995?
7
What is the thousands digit of 1335385035?
5
What is the hundreds digit of 5616083983?
9
What is the thousands digit of 993114722?
4
What is the millions digit of 206809797?
6
What is the ten thousands digit of 138658016?
5
What is the ten thousands digit of 3409272818?
7
What is the ten millions digit of 3563398388?
6
What is the bi